ided by 13.
12
Let y(z) = 47*z - 30*z + 9 - 26*z. Let p(d) = -26*d + 27. Let o(x) = 2*p(x) - 7*y(x). Calculate the remainder when 95 is divided by o(3).
23
Let u(t) = t**3 - 5*t**2 + 2*t + 8. Let o be u(4). Suppose 0 = 3*k - 2*f - 121, o*f + f = k - 40. What is the remainder when k is divided by 11?
8
Suppose 273 = -8*d + 15*d. Calculate the remainder when 150 is divided by d.
33
Let r = 98 - 66. Let a(c) be the first derivative of 3*c**2 + 6*c - 20. Calculate the remainder when r is divided by a(2).
14
Let c = 678 + -1822. Calculate the remainder when ((-1)/2)/(13/c) is divided by 23/((-4)/(-1) + -3).
21
Let s(t) = -2*t. Let k be (-1*(4 + 0))/(-2). Let a be s(k). Calculate the remainder when (a/(-2) - 3)*-8 is divided by 3.
2
Let t be (8 + -4 - -11)*1. Let g be ((-40)/t)/((-2)/3). Suppose -3*w - 3 = -4*k + 21, -g*k = w - 40. Calculate the remainder when 15 is divided by k.
6
Suppose 85 = -139*s + 144*s. What is the remainder when 100 is divided by s?
15
Let q = 72 - 44. Suppose -5*h = -q - 107. Suppose 2*w - 4*w + 210 = 0. What is the remainder when w is divided by h?
24
Suppose -10*a - 518 = 262. What is the remainder when 29 is divided by 6/(-8) - a/8?
2
Let s = -32 + 87. Let g = s + -43. What is the remainder when 32 is divided by g?
8
Suppose -s + 0*s + 6 = a, 18 = 4*a - 2*s. Suppose 0 = 3*v - 3*c - 69, -a*v + 0 = -4*c - 117. Calculate the remainder when 49 is divided by v.
24
Let n be 1/3 + (-28)/12. What is the remainder when (-11)/1*(-41 - -36) is divided by (-2 + 21)*(-1 - n)?
17
Let a(t) = -3*t. Let x be a(7). Let v = -2 + -12. Let q = v - x. Calculate the remainder when q is divided by 5.
2
Suppose -204*l + 2502 = -198*l. What is the remainder when l is divided by 47?
41
Let g(u) = 3*u**2 - 24*u - 45. Calculate the remainder when g(13) is divided by 38.
36
Let x(u) = u**3 - 15*u**2 - 17*u + 24. Suppose -3*p + 16 + 32 = 0. What is the remainder when 11 is divided by x(p)?
3
Suppose -2*j - j = -3*x - 33, -5*j = 5*x - 75. Let o(t) = 2*t**2 + 13*t + 44. Let z be (-40)/7 + 26/7 + -4. What is the remainder when o(z) is divided by j?
12
Suppose -3*x + 8 = z + 2*x, z + 4*x - 6 = 0. Let g be 3/z - 150/(-12). Let h = 14 - g. Calculate the remainder when 9 is divided by h.
0
Let n = 280 + -266. Calculate the remainder when 321 is divided by n.
13
Let v(n) = n**3 + 2*n - 1. Let c(k) = -k**2 - 5*k + 3. Let j be c(-5). Suppose 3*y - 206 = 169. What is the remainder when y is divided by v(j)?
29
Let x(w) = w**3 - 5*w**2 - 6*w + 1. Let o be x(5). Let f = o - -32. Calculate the remainder when 9 is divided by f.
0
Let c = -160 + 234. Calculate the remainder when c is divided by 34.
6
Let n(b) = -b**2 + 10*b + 10. Suppose -2*m + 3*i = -13, -i - 23 = -0*m - 3*m. What is the remainder when 101 is divided by n(m)?
23
Let z = -153 - -228. Calculate the remainder when 445 is divided by z.
70
Let v(o) = -o**3 + 11*o**2 + 20*o + 35. Calculate the remainder when v(12) is divided by 46.
39
Suppose h = 3*n + 3*h - 72, -91 = -4*n - h. What is the remainder when n is divided by 7?
1
Let d = 523 - 343. Suppose 4*m - m = d. Let x(o) = o**3 + o + 1. What is the remainder when m is divided by x(3)?
29
Suppose 2*d - 36 = -2*y, d + 2*y + 2 = 6*y. Let l be d*((2 - -11) + -3). Suppose -3*s - l = -5*s. Calculate the remainder when s is divided by 24.
22
Let c(m) = 5*m + 70. Let j be c(-13). Suppose -5*b + 199 = -j*g - 71, -5*b + 258 = g. What is the remainder when 102 is divided by b?
50
Let b(x) = -3*x**2 - 2*x + 23. Let p(v) = 2*v**2 + v - 22. Let m(t) = -3*b(t) - 4*p(t). Calculate the remainder when 225 is divided by m(0).
16
Let l be 1142/11 + 8/44. Suppose 4*i - l - 68 = 4*u, 5*u = -10. Let q(j) = -j**2 - 22*j - 81. Calculate the remainder when i is divided by q(-16).
11
Let d(m) = -2*m - 6. Calculate the remainder when 97 - 10/(-15)*-3 is divided by d(-10).
11
Let l(b) = -b + 8. Let d be (-2)/(-8)*(4 + 4). Let p(w) = 2*w + 2. Let y be p(d). What is the remainder when 3 is divided by l(y)?
1
Let a be (114/4)/((-33)/(-154)). Suppose 0 = -4*r - 41 + a. Let d = -12 + r. Calculate the remainder when 30 is divided by d.
8
Calculate the remainder when (-15)/(-6) + 855/6 is divided by 38.
31
Let o = -38 - -33. What is the remainder when 245 is divided by -5 - (51 + o)*-1?
40
Let h = 43 + -20. Let n = h - 8. What is the remainder when 44 is divided by n?
14
Suppose 0 = 12*d - 309 + 33. Calculate the remainder when 455 is divided by d.
18
Let u(d) = 37*d + 767. Calculate the remainder when 168 is divided by u(-18).
67
Let z(k) = -5*k + 1. Let r be z(-1). Suppose 6 = r*m - 3*m. Let v = 34 - 32. What is the remainder when m is divided by v?
0
Suppose 176 - 11 = 15*a. Calculate the remainder when 108 is divided by a.
9
Let v(m) = -2*m**3 + 2*m**2 + 3*m + 5. Calculate the remainder when (6/5)/(6/440) is divided by v(-2).
19
Suppose 2*c - 4*r - 50 + 2 = 0, -96 = -5*c + 2*r. Calculate the remainder when 60 is divided by c.
6
Let q(a) = 7*a - 13. Let c be q(5). Suppose 15 = s + 3*z, -s + c = s + 2*z. Calculate the remainder when 24 is divided by s.
6
Calculate the remainder when -22*6*(405/12)/(-15) is divided by 155.
142
Let f = 39 + -9. What is the remainder when f is divided by 17?
13
Let n = -49 - -85. Suppose -7 + 43 = 3*k. Suppose -2*g = 5*r - 38, g - r = 7 + k. What is the remainder when n is divided by g?
17
Let q(t) = -12*t - 52. Suppose -27 = -4*d + 17. Suppose -3*i + 56 = d. Calculate the remainder when i is divided by q(-5).
7
Let v(m) = -m**2 + 6*m + 19. Let x be v(8). Suppose 0 = -x*d + y + 446, 4*d - y = 4*y + 613. Calculate the remainder when d is divided by 37.
36
Suppose y + 5 = 0, 2*y - 3*y + 695 = -5*r. Let w = -80 - r. Calculate the remainder when w is divided by (3/6)/(1/62).
29
Let l(y) = 5*y**3 - 5*y**2 - 21*y + 4. Let v(z) = z**3 - z**2 - 4*z + 1. Let f(j) = -2*l(j) + 11*v(j). Calculate the remainder when f(3) is divided by 11.
4
What is the remainder when 49 is divided by -1 + (-60)/(-5) + 6?
15
Let b(n) = -21*n - 674. What is the remainder when 396 is divided by b(-33)?
16
Let o be 3 - 0 - (-1 - 1). Suppose -o*a = -29 - 41. Calculate the remainder when a is divided by 8.
6
Suppose -m = -3*a - 42, 3*m = -m + 2*a + 158. Let i(v) = -v**3 - 6*v**2 - 131*v - 775. What is the remainder when m is divided by i(-6)?
6
Let f(d) = d + 6. Suppose 5*a = 3*q - 23, a = -5*q + 3*a + 32. What is the remainder when f(6) is divided by q?
0
Let o = 8 + -6. Suppose 11 = o*z - 27. Calculate the remainder when z is divided by 7.
5
Suppose 2*s = 6, -4*s = -h + 299 + 16. What is the remainder when h is divided by 85?
72
Let t(f) = -f**2 - 7*f - 5. Suppose -5*l + 2*l = 6, -4*i + 6 = 3*l. Suppose i*a - 32 = -a. Calculate the remainder when a is divided by t(-5).
3
Let j = 14 + -7. Suppose -j*q + 6 = -5*q. Let s = 3 + 0. Calculate the remainder when q is divided by s.
0
Suppose 2*j - 25 = 31. Suppose -4*a = -2*r - 315 - 117, -331 = -3*a - 2*r. Calculate the remainder when a is divided by j.
25
Let n = 997 - 700. What is the remainder when n is divided by 20?
17
Let v = 0 + 2. Suppose -v*t = -6*t - 32. Let r(g) = g**3 + 8*g**2 - 2*g - 6. What is the remainder when 17 is divided by r(t)?
7
Let g = -32 + 73. Suppose d + 0*x = 4*x + g, 0 = -5*x - 25. What is the remainder when 82 is divided by d?
19
Suppose c = 5*b - 6, 4*c - 28 = -b - 10. Suppose b*j + 95 = 3*a, -4*a + 115 = -a + 2*j. What is the remainder when 69 is divided by a?
34
Suppose 0 = -5*d + 2*w - 49 + 279, 4*w = 0. Suppose -5*o = -4*p - 272, 2*p + d = o - 3*p. Suppose 4*j = o + 12. Calculate the remainder when j is divided by 9.
8
Suppose -16 = -5*a + 2*j, -2*a + 0*j - 2 = 2*j. What is the remainder when 118/a + 0 + 0 is divided by 15?
14
Let p = -40 + 58. Let q = 48 + p. Let r(w) = -17*w**3 + w**2 + 2*w + 1. What is the remainder when q is divided by r(-1)?
15
Suppose 0 = 2*w + p - 2, 2*p = -5*w + 3*p + 19. Calculate the remainder when 4 is divided by w.
1
Suppose 141 = 4*b + 5*d, b - 2*d = 4*b - 97. What is the remainder when b is divided by 12?
5
Let y(z) = -z**3 + 15*z**2 - 10*z + 51. What is the remainder when y(7) is divided by 95?
88
Let g(d) = -d + 26. Calculate the remainder when 85 is divided by g(-4).
25
Let z = 14 - 13. Suppose -s = -z - 3. Suppose -s*j + 230 = j. Calculate the remainder when j is divided by